 3*l = -5*k + 301, -5*l = -k - 352 - p. Is l composite?
False
Suppose -15*q = -26*q - 1524028. Is q/(-133) + 6/21 composite?
True
Is -3 + 165456 + (2 - 13) - 5 a prime number?
True
Suppose 8*w - 27 = 45. Let b(k) = -k**3 + k**3 - 6 + 11*k**2 + k + 8*k**3 - w*k**3. Is b(8) a composite number?
True
Let s(v) = v**2 + 2*v - 15. Let y be s(-8). Let c be (-11)/y - 328/6. Let a = 152 + c. Is a prime?
True
Let s(x) = -7*x + 230. Let n be s(32). Suppose 4*m + n*f = f + 177394, -3*m - 5*f + 133043 = 0. Is m composite?
False
Let o(z) = -z**2 + 1. Let m be o(1). Let f(k) = -k**3 + k**2 + 18*k + 16. Let q be f(-1). Suppose x = q, 5*h - 6685 = -m*x - 4*x. Is h a prime number?
False
Let g = 82 - 79. Suppose -3*k = -r + 1231, 0 = g*r + 5*k + 748 - 4497. Is r a composite number?
True
Suppose 18 = 5*a + 3. Suppose -k + 5*f + 12606 = 0, 9620 + 15605 = 2*k + a*f. Is k a prime number?
True
Let s be 4*1 + (5 - -1283). Let b = s + -555. Suppose 3*c - 2174 = -b. Is c a prime number?
True
Is 47586396/1300 + (-10)/(-125) composite?
True
Let p(v) = 11*v**2 - 10*v - 7. Let m = -170 - -164. Is p(m) composite?
False
Let y = -15794 - -6133. Let t = -6272 - y. Is t prime?
True
Let d(h) = 1488*h - 21. Let k(m) = 1489*m - 20. Let i(x) = -3*d(x) + 4*k(x). Is i(4) prime?
False
Let f(k) = 258900*k - 179. Is f(1) a prime number?
True
Suppose -2*r + 2*c + 16356 = 0, 2*c + 40914 = 5*r + 5*c. Let j = -1148 + r. Is j prime?
False
Is (14 + 585/(-26))*(2 + -59436) composite?
True
Let o = -77329 + 128110. Suppose -20801 = 2*y - 5*s - o, -3*y = 5*s - 44995. Is y a prime number?
False
Let q = 75 + -24. Suppose -1361 = q*k - 52*k. Is k composite?
False
Let s = -8607 + -19197. Let n = -17767 - s. Is n composite?
False
Suppose -205*y + 135*y = -27304690. Is y prime?
True
Let x(c) = 23*c + 70. Let u(j) = -24*j - 71. Let p(o) = -5*u(o) - 4*x(o). Is p(13) composite?
False
Let a be 0 - (-9 + (-8)/(-2))*-2. Let n(q) = -300*q - 47. Is n(a) a composite number?
False
Let p(b) = 65*b**2 + 3*b + 13. Let y be 77/(-33) + 5/(-3). Let v be 6/(3/(-1)*y/12). Is p(v) a prime number?
True
Let z = 150075 - -308930. Is z a composite number?
True
Suppose 12866 = 5*t + 2*o, 2*t - 1925 = -4*o + 3215. Let j = -739 + t. Is j a composite number?
True
Let s(l) = 20*l + 6. Let d = 32 + -40. Let t be s(d). Let p = t + 365. Is p composite?
False
Let p be (-4*1/(-8))/((-4)/(-1168)). Suppose -2*c + 1104 = p. Is c - (-7 - (-10)/2) a composite number?
True
Suppose -z = 2*a - 6*z - 132, 4*a - 2*z = 232. Is (a/12)/(4/186) prime?
False
Let c(l) = -21956*l - 1315. Is c(-7) a composite number?
False
Suppose 7*n - 865521 = -5*n + 3*n. Is n a prime number?
False
Let x(l) be the first derivative of 965*l**2 - 23*l + 19. Let w be x(9). Suppose -22*c = -11*c - w. Is c a composite number?
True
Is 3726735/177 + ((-22)/(-5) - (-2)/(-5)) a prime number?
True
Let x(q) = q**3 - 53*q + 18947. Is x(0) a composite number?
False
Suppose -5*l - 7669 = -2*z, 9*l - 4*l + 5*z = -7655. Let b = -2727 + -185. Let v = l - b. Is v composite?
True
Let w(a) = -2*a**3 - 3*a**2 + 8*a + 5. Let k be w(-5). Suppose -k = -3*r + 2302. Let z = r + -279. Is z a prime number?
False
Suppose 0 = -69*h + 31981953 - 2675238. Is h a prime number?
False
Let n(j) = 1962*j**2 + 2*j. Let z be n(1). Suppose -5*l = -l - z. Is l a composite number?
False
Let h = 182230 + -128451. Is h composite?
True
Let n be -3 - -3 - 3049002/(-18). Suppose 4*c - 191821 + 56297 = -4*a, 0 = -5*c - a + n. Is c a prime number?
False
Is 11919196/(-710)*(-10)/4 composite?
False
Let k(q) = q**2 - 23*q - 283. Let c = 10 - -30. Is k(c) a composite number?
False
Suppose 0 = 7*y - 5*y - 1726. Let d = y + -320. Let q = d - -296. Is q composite?
False
Is 91/26*(1298870/35)/1 a prime number?
True
Let p(t) = -14*t**3 - 20*t**2 + 37*t + 61. Is p(-18) composite?
True
Suppose -4*i + 21 = x, 2*i - 3*x - 7 = -0*i. Suppose 5*y + 0*y - i*z - 11035 = 0, -4*y + 8800 = 3*z. Is y composite?
False
Suppose -6*b = -s + 171559, -2*s = -6*b + b - 343069. Is s prime?
True
Let t be 4/(-12) + 12/9 + -3. Is ((-1731)/(-6))/((2 - 3)/t) a composite number?
False
Let h(v) be the first derivative of -8*v**2 - 17*v - 32. Let r be h(15). Let w = r - -1318. Is w prime?
True
Let k = -30787 - -57294. Is k prime?
False
Let c(a) be the second derivative of -a**5/20 - 5*a**4/3 + 49*a**3/6 - 7*a**2/2 - 232*a. Is c(-32) a prime number?
False
Let u(c) = 137580*c - 13. Is u(1) prime?
True
Suppose -685399 - 474820 = -11*w - 197136. Is w composite?
False
Let j = -403 + 416. Let v(d) = 221*d - 264. Is v(j) a prime number?
True
Let l = -25 + 35. Suppose x + 3*q + l = 0, 3*x + 0*x - q - 10 = 0. Suppose -3*s + 5*r = x*r - 156, s - 4*r = 55. Is s a composite number?
True
Suppose -15*p + 16*p - 8 = 4*n, 4*p = 2*n - 10. Suppose -5*r - 1294 = 2*y + 274, -2*r = -2*y + 630. Is (r/n)/((-10)/(-15)) composite?
False
Let h(y) = -y**3 + 15*y**2 - 10*y + 32. Let r be h(15). Let f = r - -120. Suppose 2*t - 250 = -4*p, 3*p - 3 = f*p. Is t composite?
True
Is (35247375/36)/17 - (-5)/4 a composite number?
True
Let g be ((-12)/4)/3 + 4*15. Let m = g + -58. Is (1761/9)/m*(2 - -1) a composite number?
False
Let i(r) = 1286*r - 565. Is i(12) prime?
True
Let x be (4/32*12)/((-3)/(-4)). Let t be (1 - x)*2 - -7. Suppose 0*i = h - 4*i - 394, t*h = -2*i + 1904. Is h composite?
True
Is 195556 + (-153)/(-27)*-3 a prime number?
True
Let d(y) = -8*y - 32. Let m be d(-4). Suppose 2*l - 4320 = -5*i - 35, -4*l + 2*i + 8630 = m. Is l composite?
True
Suppose -4*j + 8 = -0*j. Suppose 1966 = -j*t + 21868. Let m = -7038 + t. Is m a composite number?
True
Let c = -547136 + 1072833. Is c a composite number?
False
Let o = 638 + -642. Is o/10 + (-9)/(90/(-21014)) prime?
False
Suppose 51*t + 65*t - 1903444 = 0. Is t composite?
True
Let h(q) = q**2 - 17*q + 4. Let b be h(15). Let c = b + 29. Suppose c*f - 1451 = 4*n, 74 - 1042 = -2*f + 2*n. Is f prime?
False
Let w = 227725 - 34061. Is (-1)/5 + w/170 a composite number?
True
Suppose 16*o + 7*o + 325941 - 1096004 = 0. Is o prime?
False
Suppose 3*c - 5135 = 8*c. Let h = 455 + c. Let k = h + 829. Is k prime?
True
Suppose -72*z + 23079 = -65*z. Suppose -j + 3*i - z = -14347, 15 = 3*i. Is j composite?
True
Let k(p) = 4*p**2 - 133 - p**2 + 7*p**2 + 24*p - 5*p**2 + 0*p**2. Is k(6) composite?
False
Suppose c + 3 = 3*c + 3*o, 3*c + 2*o = 7. Suppose 24 + 12 = c*p. Suppose p*q - 3*q - 31419 = 0. Is q a composite number?
False
Let g(l) = l**2 + 11*l + 12. Let j be g(-10). Suppose 5*q + 0*q - j*r - 3926 = 0, q = 3*r + 780. Suppose 8 = 2*i, 5*p = -i + q + 2803. Is p composite?
True
Is 42/(-147) + (31781844/(-21))/(-4) - 2 a prime number?
True
Let x(l) = -19717*l + 852. Is x(-13) a composite number?
True
Let n(m) = 61 + 7*m - 57 + 3*m**2 - 12*m**3 - 15*m. Is n(-5) a composite number?
False
Let s(m) = 6*m**3 - 4*m**3 + m - 3*m**3 + 2723 - m**2. Suppose 3*d = -b, -5*d - 1862*b + 1857*b = 0. Is s(d) prime?
False
Let q(d) = -3*d**3 + 9*d**2 + 13*d + 6. Suppose -k = -8 + 3. Suppose 8*t = k*t + c - 13, c = -t - 7. Is q(t) composite?
False
Is 61 - 67 - 422485/(-1) prime?
True
Let c(m) be the first derivative of 2*m**3 + 11*m**2 + 31*m + 96. Is c(-8) a composite number?
False
Suppose -19*t + 1241090 + 1181087 = 0. Suppose -31*y = -48*y + t. Is y composite?
False
Let j = 483018 - -50131. Is j a prime number?
True
Let l = 343851 + -166910. Is l composite?
True
Suppose -60*d = 10*d - 650090. Is d a prime number?
False
Suppose -5*k = 2*x - 17, -4*x + 3*x + 6 = 2*k. Let c(j) = 7*j**2 + 5*j + 11. Is c(k) a prime number?
True
Let c(j) = -2*j**2 + 43*j + 24. Let z be c(21). Suppose -41*q - 9148 = -z*q. Is q prime?
True
Let f = -13 + 35. Suppose 14 = -2*t + f. Suppose 978 = t*a - 2530. Is a composite?
False
Let o(x) = 14*x**2 - x**3 - 7 + 0*x - 48*x**2 + 23*x**2 - x. Let z be o(-11). Suppose 3*u + 149 = z*u. Is u a composite number?
False
Let c be 3 - 112/35 - (-192)/10. Is c/38*(-3838)/(0 - 1) a composite number?
True
Suppose -40051 + 35435 = d - 140659. Is d prime?
True
Suppose -4*j = 8*j - 1968. Suppose 16 = 4*p, -3*p - j = -3*q + 523. Is q a prime number?
True
Let q(u) be the first derivative of 83*u**5/40 - 13*u**4/24 + 28*u**3/3 - 51. Let h(k) be the third derivative of q(k). Is h(4) a prime number?
True
Let i(p) = -118*p + 53. Let j be i(11). Let c = 1337 - j. Is 